 + 1626. What is the highest common divisor of x and 756?
54
Suppose o - 2*a = 1030, -3*o - 2*a + 3360 = 230. Calculate the greatest common factor of 90 and o.
10
Suppose 35 = -5*p, -5*p - 4088 = 4*w - 4077. Suppose f - z - 30 = -2*z, -3*f - 4*z = -93. What is the highest common divisor of w and f?
3
Suppose -20*b + 22*b = 6, -2*h = 4*b - 1500. What is the greatest common factor of 8 and h?
8
Suppose 4*t + 2186 = 5*d, 446 = d + 14*t - 17*t. Calculate the highest common factor of 682 and d.
62
Let f(g) = g**3 + 5*g**2 - 8*g - 8. Let l be -3*(-1 - 78/(-9)). Let a = 17 + l. Let u be f(a). Calculate the greatest common factor of 36 and u.
4
Suppose -4*o - 13 = -b, 3*b = -3*o + 3 + 6. Let a = -3 + 5. Suppose -b*c = -c - 4*j - 32, j = -c - a. What is the greatest common divisor of 4 and c?
1
Let x = 2 + -11. Let y(s) = s + 7. Let p be y(x). Let n be p/(-13) - 1232/(-104). Calculate the greatest common factor of 3 and n.
3
Let j be 8*((-815)/(-5) + 10 + -7). Calculate the greatest common factor of 1079 and j.
83
Suppose 0 = 16*a - 3899 + 1371. Suppose -l + 11 = 4*w, 3*w - 27 = -160*l + a*l. Calculate the highest common divisor of 165 and l.
15
Suppose -z + 4 + 2 = 0. Let i be ((-72)/12)/(z/4). Let r = 31 + i. What is the highest common divisor of r and 3?
3
Let o(m) = 385*m**2 + 11*m - 1. Let q be o(2). Suppose -2*h + 326 = z, 607 = -3*z + 2*h + q. What is the highest common factor of 64 and z?
64
Let z(d) = -3*d**3 + 3*d**2 + 15*d + 11. Let v be z(3). What is the greatest common factor of 61 and v?
1
Let o be (62/310)/((-3)/(-225)). What is the highest common divisor of 6735 and o?
15
Suppose q = 7*q - 39*q + 825. Calculate the highest common factor of 835 and q.
5
Let o = 41 + -21. Suppose 2055*c = 1865*c + 6840. What is the highest common divisor of o and c?
4
Suppose -2*b = -3*z + 8318, 105*z - 100*z - 3*b = 13864. What is the highest common divisor of z and 438?
146
Suppose 2*p = -0*p. Let x = -1668 + 1687. Suppose p = -5*c - x + 1119. What is the highest common factor of 88 and c?
44
Let o be ((-30)/7)/((-14)/(-231)*10/(-280)). Calculate the greatest common factor of 84 and o.
12
Let y be -4*(-2 + (-6)/(-24)). Let k(d) = 31*d - 186. Let g be k(y). What is the highest common factor of g and 2?
1
Let j(x) = x**3 + 44*x**2 - 78*x - 389. Let a be j(-43). Calculate the highest common divisor of 29 and a.
29
Let u(y) = -y**3 + 20*y**2 - 20*y + 21. Let w be u(19). Suppose 8 = 2*r - 2*t + 2, w*r - 7 = 3*t. Calculate the greatest common divisor of 18 and r.
2
Let k(o) = 7*o - 20. Let z(c) = -8*c + 20. Let s(q) = 5*k(q) + 4*z(q). Let g be s(9). Suppose 5 = 12*p - g. What is the greatest common factor of 2 and p?
1
Let o be 4/(-6)*3*(-11)/22. Let p be 1/(-2) - o/8*-28. Let s(c) = 2*c - 2. Let j be s(3). Calculate the greatest common divisor of j and p.
1
Let s(r) = 3*r**2 - 6*r - 5. Let v be s(-4). Let p = v - 28. Let b = -105 - -261. What is the highest common factor of p and b?
39
Let s(v) = -6*v**3 - 318*v**2 - 10*v - 291. Let i be s(-53). Calculate the highest common divisor of 9 and i.
1
Let y be (-36)/(-9) - (-2 - 0). Let u be y/6*-1 - (0 - 1). Suppose -3*n + 10 = v, u = -v - n + 6 + 2. Calculate the highest common factor of 21 and v.
7
Let r be 170 - ((-4)/(-2) + 60/(-12) + 7). What is the highest common divisor of 2 and r?
2
Let m be (2 - 7)*(-1)/(-10)*-262. Let a = m - 113. What is the highest common factor of a and 54?
18
Suppose 1365 = 4*r + 4*s - 1579, 10 = -5*s. Suppose -2*a = 3*y - 435, 5*y - 3*a = -2*a + r. Calculate the greatest common divisor of y and 21.
21
Let o = 159 - 162. Let l be o - -92 - (1/(-1) + 2). Calculate the greatest common divisor of l and 4.
4
Let k = 4419 - 4249. Calculate the highest common divisor of 290 and k.
10
Let o(j) = j**3 - 25*j**2 - 58*j + 882. Let f be o(26). Calculate the greatest common divisor of f and 9050.
50
Let u be (10 - (-10 - -132))/((-16)/8). Calculate the highest common factor of 28 and u.
28
Let z(y) be the first derivative of y**3/3 + 12*y**2 - 26*y - 13. Let s be z(13). What is the highest common divisor of 35 and s?
35
Let y(h) = -h - 8. Let v be y(-6). Let z = 7 - v. Calculate the highest common divisor of z and 9.
9
Let h(y) = -233*y + 11. Let v(d) = -d**3 - 3*d**2 + 2. Let n be v(-2). Let x be h(n). Calculate the highest common factor of x and 53.
53
Suppose -w + 396 = -208. Suppose -5*z - w = -3*o, -4*o + 5*o - 168 = -5*z. Suppose 8*h - o = -1. What is the highest common factor of 8 and h?
8
Suppose -4*n + 3*p - 603 = 0, -128 - 318 = 3*n + 4*p. Let h be (-242)/(-10) + 30/n. What is the highest common divisor of 6 and h?
6
Suppose -5*t - 2*b = 73, -3*t + 6*b - 50 = b. Let y be 20/t*(-402)/4. Let k = y + -120. Calculate the highest common factor of k and 21.
7
Suppose 4*u - 132 = -6*x, -6*u + 11*u - 176 = -2*x. What is the highest common factor of 31788 and u?
36
Let y(u) = 3*u**2 + 6*u - 4. Let r be y(-8). Suppose -v + 20 = 2937*h - 2933*h, -5*h - 60 = -3*v. What is the highest common divisor of r and v?
20
Suppose 16*p = 15*p + 13. Let k(l) = -l**3 + 13*l**2 + 3*l - 1. Let z be k(p). What is the highest common factor of 57 and z?
19
Suppose -2*k + 3*i = 183, -2*i + 93 = -4*k - 285. Let j = 107 + k. Let n(o) = o**2 - 4*o + 3. Let f be n(-8). Calculate the greatest common divisor of f and j.
11
Let u(d) = 16*d - 66. Suppose -29 = -5*j - 4*y, -7*y - 12 = -3*j - 4*y. Let w be u(j). Calculate the greatest common divisor of 56 and w.
14
Let f be (-35)/(-10) + -3 - (-814)/4. Let j = -627 + 663. Calculate the greatest common factor of f and j.
12
Let x be (2 - (-15 - -20)) + 1 + 257. What is the greatest common divisor of 285 and x?
15
Suppose -3*a - 397 = -4*m - 0*a, -4*a = 3*m - 279. Suppose -h + 5*c = h - m, 3*c = -15. What is the highest common divisor of h and 84?
12
Let b(r) = r**2 + 63*r + 495. Let h be b(0). What is the highest common factor of 27 and h?
9
Let l be (0 + -244)*(-6 + 5). Let g = l + -237. Calculate the highest common factor of 63 and g.
7
Let f(i) = -56*i - 30. Let d be f(4). Let j = -191 - d. Suppose -25*m + 18 = -23*m. Calculate the highest common divisor of m and j.
9
Suppose -q = 3, 7*y - q = 2*y + 773. Let d = y + -118. Let f be 19/((-10)/(-10) + (-34)/d). Calculate the greatest common divisor of 38 and f.
38
Suppose -11*o + 114 = -73. Suppose -2*k + 1 = -o. What is the greatest common factor of 39 and k?
3
Suppose -1 = -a + 89. Let q be (6/10)/(3/a). Suppose -25*b + 16*b + 243 = 0. What is the highest common divisor of b and q?
9
Suppose 0 = 17*o - 4*o - 1976. What is the greatest common divisor of o and 1748?
76
Let h(c) = c**3 - 84*c**2 + 250*c - 564. Let t be h(81). Let y = 480 + -267. What is the greatest common divisor of y and t?
3
Let r be (-11 + 0)/(5/(-5)). Suppose -9*q = -r*q + 210. Suppose g - 4*g = -45. What is the highest common divisor of q and g?
15
Suppose -5*f - 631 = 3*o, -2*o - 4*f - 552 + 132 = 0. Let a = 454 + o. What is the highest common divisor of 22 and a?
22
Let q be ((-4)/(-5))/(8 - (-8892)/(-1110)). Let f = 84 + q. What is the greatest common divisor of 70 and f?
10
Let a(b) = 15*b + 560. Let r be a(-35). What is the highest common factor of 445 and r?
5
Let y(h) = 5*h**2 + 103*h + 687. Let r be y(-12). What is the greatest common divisor of 9576 and r?
171
Suppose 30 + 10 = 4*y. Let q be -12 + -2 + y - -10*5. What is the highest common factor of q and 184?
46
Suppose 8*b - 1936 = -120. Let c = b - 223. Calculate the highest common factor of c and 164.
4
Let j be 3/18*3*0. Suppose j = 2*c - 3*b - 39, c - 45 + 27 = b. What is the highest common divisor of 45 and c?
15
Let g(n) = n**2 + 15*n - 151. Let a be g(-22). Suppose a*r = d - 0*r - 92, -5*d + 5*r = -480. Calculate the highest common divisor of 63 and d.
7
Let x = -437 + 1321. Suppose -3*p - 299 + x = 0. What is the greatest common factor of p and 15?
15
Let j(k) = 5*k**2 - 163*k + 1678. Let q be j(11). What is the highest common factor of q and 56?
14
Suppose -336 = 5*u - 12*u. Let l be u/((-8)/(240/(-9))). Calculate the highest common factor of 20 and l.
20
Suppose -a + 10*a = 414. Suppose -2*n + 410 = 4*b, -2*b - 624 = -3*n + b. Suppose 11*r - 8*r - n = 0. Calculate the greatest common factor of r and a.
23
Let j(f) = 2*f**2 - 12*f - 12. Let m be j(7). Suppose -3*s = 5*q - m*s - 